 prime factors of z?
11
Suppose -41*t + 326430 - 6425 = 0. List the prime factors of t.
5, 7, 223
Let w = 391 - 377. Suppose -w*y + 7443 = -5*y. List the prime factors of y.
827
Let c = 58 - 43. What are the prime factors of -3*(-3 + (-955)/c)?
2, 5
Suppose -8*m = -7*m - i + 393, 0 = 4*m + i + 1572. Let h = 17 - m. List the prime factors of h.
2, 5, 41
Let v be 12/(-3) - 1*-8*8. Let j = 63 - v. Suppose 594 = 3*i + 3*b, 4*i - b - j*b - 776 = 0. What are the prime factors of i?
2, 7
Let c(z) = z. Let m be c(3). Suppose m*i - i = i. Suppose h - 61 = -i*h + 4*l, 3*l = -5*h + 305. What are the prime factors of h?
61
Let o(k) = -18*k**3 + 6*k**2 + 48*k - 7. What are the prime factors of o(-6)?
13, 293
Suppose 0 = g - 2*r + 31 + 1719, g = 3*r - 1746. What are the prime factors of (-8)/(-32) + g/(-8)?
2, 5, 11
Let b(z) = -13*z**2 - 22*z - 82. Let q be b(-8). Let f = q + 1077. What are the prime factors of f?
3, 113
Suppose -137667 = -3*u - 3*h, 3*u - 203*h = -200*h + 137709. List the prime factors of u.
2, 5737
Let h(o) = 5*o**2 + 23*o - 37. Let y = -117 - -98. Let j be h(y). Suppose -14*c + j = 71. List the prime factors of c.
2, 3, 5
Let s = -1846 + 4098. List the prime factors of s.
2, 563
Let r = -15116 + 21403. List the prime factors of r.
6287
Suppose 0 = -32*m - 100*m - 64*m + 1036644. List the prime factors of m.
3, 41, 43
Let h = -927 - -931. Let j(v) = 359*v - 275. What are the prime factors of j(h)?
3, 43
Let c(k) = 6*k - 21. Let a = -4 - -8. Let f be c(a). Suppose -5*v + 93 = f*z - 64, v - 27 = -5*z. What are the prime factors of v?
2
Let z be ((-18)/(-27) + -1)/((-2)/(-342)). What are the prime factors of z/(-7) + (-6)/42?
2
Let c(h) = h**3 - 5*h**2 - 2*h - 22. Let k be c(10). Suppose -z = -k + 15. What are the prime factors of z?
443
Suppose 0 = 4*j - j - 5*k + 11, -5*j = 2*k + 8. What are the prime factors of j/4 + (8 - (-1653)/6)?
283
Let d be (-4)/(-6)*-3 + 2. Suppose 10*x = 12*x - 6. Suppose 3*g = x*c - d*g - 153, 2*c = -g + 114. List the prime factors of c.
5, 11
Let b(y) = 4*y - 4. Let r be b(2). Let q = -2 + r. Suppose 57 = 2*v - 3*z, -15 - 32 = -q*v + 5*z. List the prime factors of v.
2, 3
Let y be (-1)/((-6)/(-63))*-6*(-15)/(-135). Let x(k) = k - 3 + 20*k + 4*k. List the prime factors of x(y).
2, 43
Let z(v) be the second derivative of -1/3*v**3 + 1/6*v**4 + 0 + 15*v - 7*v**2. List the prime factors of z(10).
2, 83
Let i = -103627 + -51886. What are the prime factors of i/(-287) - 2/(-14)?
2, 271
Let c(k) = 0*k**3 - 11*k**3 + 3*k + 3 + k**2 - 4*k. Suppose 0 = 4*a + 5*r - 17, -40 = 5*a - 5*r - 5. What are the prime factors of c(a)?
97
Let u(f) = -6017*f - 2238. What are the prime factors of u(-11)?
63949
Let j = -25165 + 42258. List the prime factors of j.
17093
Let s be (-1)/3*(1 + -1). Let v(f) = -f**2 - 4*f**2 + 8*f**3 + 20 + 3*f**2 - 7*f**3 + 3*f**2. What are the prime factors of v(s)?
2, 5
Suppose -3*u - d = -69852, -5*u + 4*d + 116412 = 7*d. What are the prime factors of u?
2, 3, 3881
Suppose 0 = 4*w + m - 1, 0 = -3*w - 8*m + 5*m - 6. What are the prime factors of (-3)/(6/(-102)*w)?
3, 17
Let w be 1 + (14 - -2)*-1. Let t be 4 + 1 + w/5. Suppose 0 = x - 0*j + t*j - 50, -j + 1 = 0. What are the prime factors of x?
2, 3
Let h(t) = 28*t**2 + 190*t + 415. What are the prime factors of h(-34)?
11, 2393
Suppose 5*y + 882 = 26*y. Suppose y*s - 5720 = 31*s. What are the prime factors of s?
2, 5, 13
Let i(n) = n**2 - 44*n - 71. List the prime factors of i(-24).
7, 223
Let v = 257 - 275. Let c = v + 168. List the prime factors of c.
2, 3, 5
List the prime factors of -6 + -6 + (-74)/(-6) - (-123330)/18.
2, 3, 571
Let r be (11 - (-198)/(-12))*(-1 - -19). List the prime factors of 8230/18 + 1 + 22/r.
2, 229
Let v(w) = 1242*w + 2695. List the prime factors of v(5).
5, 13, 137
Let z(p) = -3*p**2 - 14*p + 8. Let l be z(-5). Suppose 0 = -5*u + 5*n + 2225, 0 = 5*u - l*n + 2*n - 2237. List the prime factors of u.
2, 7
Let d be -3 + (-5463)/36 + 12/(-48). Suppose 2*a = -2*c - 40, a - 5*c + 45 = -c. Let r = a - d. List the prime factors of r.
2, 5, 13
Suppose 24933 = 16*r - 17355. List the prime factors of r.
3, 881
Let d be (-6 - (-16)/2) + (-18)/(-1). Suppose -d*p = -36*p + 5392. List the prime factors of p.
337
What are the prime factors of (97524/3780)/(6/8180)?
2, 43, 409
Suppose 0 = -2*q - 3*n + 3 - 9, 5*q - 2*n - 23 = 0. Let r be ((-1)/(q + -1))/((-1)/(-44)). List the prime factors of ((-24)/(-9))/(-1 - r/21).
2, 7
Let d be (0 - -1)*-2*-91. Let g(i) = i**2 + 26*i + 191. Let n be g(-13). Let j = d - n. List the prime factors of j.
2, 5
List the prime factors of (2928590/(-42) + 15)*6/(-10).
2, 10457
Suppose 0 = -14*m - 728 - 882. Let r = -112 - m. Suppose -196 = -r*f - 2*b, 6*f - 2*f - 252 = 2*b. What are the prime factors of f?
2
Let d(t) = -t**3 - 5*t**2 - 9*t - 3. Let r be -3*((-12)/90)/(2/(-10)). Let c be r/5 + 11/((-165)/54). List the prime factors of d(c).
17
Let n(m) = m**3 - 5*m**2 - 12*m - 9. Let s be 43/4 - (-4)/16. Let o be n(s). What are the prime factors of 6/(-8) - o/(-12)?
2, 3
Let g(x) be the first derivative of 19*x**2 - 12*x + 5. Let h be g(4). Let d = h + -45. What are the prime factors of d?
5, 19
Let r(o) = 82*o**2 + 9*o - 16. Let t be r(4). Suppose -5*h + t = 7*c - 6*c, 1074 = 4*h - 2*c. List the prime factors of h.
3, 89
Let w(z) be the second derivative of -z**5/20 + z**4 - 10*z**3/3 + 10*z**2 + z. What are the prime factors of w(8)?
2, 29
Let u(n) be the third derivative of -n**6/40 + n**5/15 + 5*n**4/24 - 2*n**3/3 - 4*n**2. Let t be u(4). Let z = 175 + t. What are the prime factors of z?
3, 7
Let d(p) = -2*p + 6. Let v(h) = h**2 - 5*h + 19. Let y(j) = -7*d(j) + 2*v(j). Let s = -9 + 0. List the prime factors of y(s).
2, 61
Suppose -9*a + 5*a + 17715 = 11*a. What are the prime factors of a?
1181
Suppose 3*q + 12 = 2*y, -q + 0 = 3*y - 7. Let j(s) = s**2 + 5*s - 1. List the prime factors of j(y).
23
Suppose 432*k - 7517 = 431*k. What are the prime factors of k?
7517
Suppose 0 = -d - 383 + 379. What are the prime factors of 3*247*(d - -6)/2?
3, 13, 19
Suppose -201 = -n - 43. Suppose 649 = 208*t - 219*t. Let z = n + t. What are the prime factors of z?
3, 11
Suppose 2*z - 120 = 5*w, z + 5*w = -4*z + 300. Let m(g) = 13*g - 26. Let n be m(-2). Let c = z + n. List the prime factors of c.
2
What are the prime factors of ((-90)/360)/((-2)/14664)?
3, 13, 47
Let t(d) = 25*d + 19. Suppose -5*q = 2*h - 387, 4*h = 3*q + 2*h - 245. Let f = -73 + q. List the prime factors of t(f).
13
Let c be 2*4/(-6)*6. Suppose 3*m - 2*m + 2*b - 6 = 0, -4*m - b + 10 = 0. What are the prime factors of (94 - (c - -4))*1/m?
7
Suppose -7084 = -4*p - 2*g, -2*g - 9369 - 4787 = -8*p. What are the prime factors of p?
2, 3, 5, 59
Let h(q) = 236*q + 228*q - 36 - 482*q. What are the prime factors of h(-17)?
2, 3, 5
Let d = 537 + -211. Suppose -3*y + 643 - 76 = 0. Suppose d = 2*z - q, -8 = z - 5*q - y. What are the prime factors of z?
7, 23
Suppose 2*r = -3*r. Suppose r = 2*w - 3*l + 53 - 1438, 0 = -2*w - 4*l + 1378. List the prime factors of w.
691
Let f be ((-2 + 12)/(-1))/(2 + -4). Suppose 7*s - 398 = f*s. List the prime factors of s.
199
Let z(s) = -2169*s - 136. Let p(v) = -1448*v - 91. Let m(r) = 7*p(r) - 5*z(r). List the prime factors of m(1).
2, 47
Let t = -42 + 42. Suppose -10*f + 9*f + 26 = t. What are the prime factors of (-3)/((-21)/f) + (-14)/(-49)?
2
Suppose 3*s = -5*t + 43, -5*s = -3*t - 7*s + 26. Let p = 160 - t. What are the prime factors of p?
2, 19
Suppose -67*q + 5798188 - 2103442 = 120*q. What are the prime factors of q?
2, 3, 37, 89
Let w(x) = -x**2 + x - 6. Let i be w(0). Let n be 2*1/(i/(-117)). Let y = 53 - n. What are the prime factors of y?
2, 7
Suppose -3*a + 4*k + 538 = 0, a + 3*k + 100 = 262. Let l = -45 + 146. Let f = a - l. List the prime factors of f.
73
Let h(l) = l**3 + 12*l**2 + 12*l - 79. Let k be h(-9). Let i be ((-21)/4)/((-5)/(-40)). Let c = i + k. List the prime factors of c.
2, 7
List the prime factors of (2291 - -11)*8/16.
1151
Let m(z) = 88*z**2 - 8*z - 169. What are the prime factors of m(-7)?
13, 17, 19
Suppose 94*x - 185*x = -1384656. List the prime factors of x.
2, 3, 317
Let y(r) = -13*r - 71. Suppose 310 = -8*i + 54. What are the prime factors of y(i)?
3, 5, 23
Let h(c) = -c**2 - 30*c + 30. Let o be (119/(